{"id":751,"date":"2022-10-17T17:11:46","date_gmt":"2022-10-17T15:11:46","guid":{"rendered":"https:\/\/se-ret.org\/?post_type=portfolio&#038;p=751"},"modified":"2022-10-17T17:11:47","modified_gmt":"2022-10-17T15:11:47","slug":"la-se-ret-se-conduele-por-el-fallecimiento-de-d-luis-vega-renon","status":"publish","type":"portfolio","link":"https:\/\/se-ret.org\/index.php\/portfolio-item\/la-se-ret-se-conduele-por-el-fallecimiento-de-d-luis-vega-renon\/","title":{"rendered":"La SE-Ret se conduele por el fallecimiento de D. Luis Vega Re\u00f1\u00f3n"},"content":{"rendered":"\n<figure class=\"wp-block-gallery has-nested-images columns-default is-cropped\">\n<figure class=\"wp-block-image size-large\"><img loading=\"lazy\" width=\"1030\" height=\"773\" data-id=\"753\"  src=\"https:\/\/se-ret.org\/wp-content\/uploads\/2022\/10\/Luis-Vega-Rinon-1030x773.jpg\" alt=\"\" class=\"wp-image-753\" srcset=\"https:\/\/se-ret.org\/wp-content\/uploads\/2022\/10\/Luis-Vega-Rinon-1030x773.jpg 1030w, https:\/\/se-ret.org\/wp-content\/uploads\/2022\/10\/Luis-Vega-Rinon-300x225.jpg 300w, https:\/\/se-ret.org\/wp-content\/uploads\/2022\/10\/Luis-Vega-Rinon-80x60.jpg 80w, https:\/\/se-ret.org\/wp-content\/uploads\/2022\/10\/Luis-Vega-Rinon-768x576.jpg 768w, https:\/\/se-ret.org\/wp-content\/uploads\/2022\/10\/Luis-Vega-Rinon-1536x1152.jpg 1536w, https:\/\/se-ret.org\/wp-content\/uploads\/2022\/10\/Luis-Vega-Rinon-1500x1125.jpg 1500w, https:\/\/se-ret.org\/wp-content\/uploads\/2022\/10\/Luis-Vega-Rinon-705x529.jpg 705w, https:\/\/se-ret.org\/wp-content\/uploads\/2022\/10\/Luis-Vega-Rinon.jpg 2048w\" sizes=\"(max-width: 1030px) 100vw, 1030px\" \/><\/figure>\n<\/figure>\n","protected":false},"excerpt":{"rendered":"","protected":false},"featured_media":0,"comment_status":"closed","ping_status":"closed","template":"","tags":[],"portfolio_entries":[],"yoast_head":"<!-- This site is optimized with the Yoast SEO plugin v18.6 - https:\/\/yoast.com\/wordpress\/plugins\/seo\/ -->\n<title>La SE-Ret se conduele por el fallecimiento de D. Luis Vega Re\u00f1\u00f3n - SE-RET. Sociedad Espa\u00f1ola de Ret\u00f3rica<\/title>\n<meta name=\"robots\" content=\"index, follow, max-snippet:-1, max-image-preview:large, max-video-preview:-1\" \/>\n<link rel=\"canonical\" href=\"https:\/\/se-ret.org\/index.php\/portfolio-item\/la-se-ret-se-conduele-por-el-fallecimiento-de-d-luis-vega-renon\/\" \/>\n<meta property=\"og:locale\" content=\"es_ES\" \/>\n<meta property=\"og:type\" content=\"article\" \/>\n<meta property=\"og:title\" content=\"La SE-Ret se conduele por el fallecimiento de D. Luis Vega Re\u00f1\u00f3n - SE-RET. Sociedad Espa\u00f1ola de Ret\u00f3rica\" \/>\n<meta property=\"og:url\" content=\"https:\/\/se-ret.org\/index.php\/portfolio-item\/la-se-ret-se-conduele-por-el-fallecimiento-de-d-luis-vega-renon\/\" \/>\n<meta property=\"og:site_name\" content=\"SE-RET. Sociedad Espa\u00f1ola de Ret\u00f3rica\" \/>\n<meta property=\"article:modified_time\" content=\"2022-10-17T15:11:47+00:00\" \/>\n<meta property=\"og:image\" content=\"https:\/\/se-ret.org\/wp-content\/uploads\/2022\/10\/Luis-Vega-Rinon-1030x773.jpg\" \/>\n<meta name=\"twitter:card\" content=\"summary_large_image\" \/>\n<meta name=\"twitter:label1\" content=\"Tiempo de lectura\" \/>\n\t<meta name=\"twitter:data1\" content=\"1 minuto\" \/>\n<script type=\"application\/ld+json\" class=\"yoast-schema-graph\">{\"@context\":\"https:\/\/schema.org\",\"@graph\":[{\"@type\":\"WebSite\",\"@id\":\"https:\/\/se-ret.org\/#website\",\"url\":\"https:\/\/se-ret.org\/\",\"name\":\"SE-RET. Sociedad Espa\u00f1ola de Ret\u00f3rica\",\"description\":\"\",\"potentialAction\":[{\"@type\":\"SearchAction\",\"target\":{\"@type\":\"EntryPoint\",\"urlTemplate\":\"https:\/\/se-ret.org\/?s={search_term_string}\"},\"query-input\":\"required name=search_term_string\"}],\"inLanguage\":\"es\"},{\"@type\":\"ImageObject\",\"@id\":\"https:\/\/se-ret.org\/index.php\/portfolio-item\/la-se-ret-se-conduele-por-el-fallecimiento-de-d-luis-vega-renon\/#primaryimage\",\"inLanguage\":\"es\",\"url\":\"https:\/\/se-ret.org\/wp-content\/uploads\/2022\/10\/Luis-Vega-Rinon.jpg\",\"contentUrl\":\"https:\/\/se-ret.org\/wp-content\/uploads\/2022\/10\/Luis-Vega-Rinon.jpg\",\"width\":2048,\"height\":1536},{\"@type\":\"WebPage\",\"@id\":\"https:\/\/se-ret.org\/index.php\/portfolio-item\/la-se-ret-se-conduele-por-el-fallecimiento-de-d-luis-vega-renon\/#webpage\",\"url\":\"https:\/\/se-ret.org\/index.php\/portfolio-item\/la-se-ret-se-conduele-por-el-fallecimiento-de-d-luis-vega-renon\/\",\"name\":\"La SE-Ret se conduele por el fallecimiento de D. Luis Vega Re\u00f1\u00f3n - SE-RET. Sociedad Espa\u00f1ola de Ret\u00f3rica\",\"isPartOf\":{\"@id\":\"https:\/\/se-ret.org\/#website\"},\"primaryImageOfPage\":{\"@id\":\"https:\/\/se-ret.org\/index.php\/portfolio-item\/la-se-ret-se-conduele-por-el-fallecimiento-de-d-luis-vega-renon\/#primaryimage\"},\"datePublished\":\"2022-10-17T15:11:46+00:00\",\"dateModified\":\"2022-10-17T15:11:47+00:00\",\"breadcrumb\":{\"@id\":\"https:\/\/se-ret.org\/index.php\/portfolio-item\/la-se-ret-se-conduele-por-el-fallecimiento-de-d-luis-vega-renon\/#breadcrumb\"},\"inLanguage\":\"es\",\"potentialAction\":[{\"@type\":\"ReadAction\",\"target\":[\"https:\/\/se-ret.org\/index.php\/portfolio-item\/la-se-ret-se-conduele-por-el-fallecimiento-de-d-luis-vega-renon\/\"]}]},{\"@type\":\"BreadcrumbList\",\"@id\":\"https:\/\/se-ret.org\/index.php\/portfolio-item\/la-se-ret-se-conduele-por-el-fallecimiento-de-d-luis-vega-renon\/#breadcrumb\",\"itemListElement\":[{\"@type\":\"ListItem\",\"position\":1,\"name\":\"Portada\",\"item\":\"https:\/\/se-ret.org\/index.php\/noticias\/\"},{\"@type\":\"ListItem\",\"position\":2,\"name\":\"La SE-Ret se conduele por el fallecimiento de D. Luis Vega Re\u00f1\u00f3n\"}]}]}<\/script>\n<!-- \/ Yoast SEO plugin. -->","yoast_head_json":{"title":"La SE-Ret se conduele por el fallecimiento de D. Luis Vega Re\u00f1\u00f3n - SE-RET. Sociedad Espa\u00f1ola de Ret\u00f3rica","robots":{"index":"index","follow":"follow","max-snippet":"max-snippet:-1","max-image-preview":"max-image-preview:large","max-video-preview":"max-video-preview:-1"},"canonical":"https:\/\/se-ret.org\/index.php\/portfolio-item\/la-se-ret-se-conduele-por-el-fallecimiento-de-d-luis-vega-renon\/","og_locale":"es_ES","og_type":"article","og_title":"La SE-Ret se conduele por el fallecimiento de D. Luis Vega Re\u00f1\u00f3n - SE-RET. Sociedad Espa\u00f1ola de Ret\u00f3rica","og_url":"https:\/\/se-ret.org\/index.php\/portfolio-item\/la-se-ret-se-conduele-por-el-fallecimiento-de-d-luis-vega-renon\/","og_site_name":"SE-RET. Sociedad Espa\u00f1ola de Ret\u00f3rica","article_modified_time":"2022-10-17T15:11:47+00:00","og_image":[{"url":"https:\/\/se-ret.org\/wp-content\/uploads\/2022\/10\/Luis-Vega-Rinon-1030x773.jpg"}],"twitter_card":"summary_large_image","twitter_misc":{"Tiempo de lectura":"1 minuto"},"schema":{"@context":"https:\/\/schema.org","@graph":[{"@type":"WebSite","@id":"https:\/\/se-ret.org\/#website","url":"https:\/\/se-ret.org\/","name":"SE-RET. Sociedad Espa\u00f1ola de Ret\u00f3rica","description":"","potentialAction":[{"@type":"SearchAction","target":{"@type":"EntryPoint","urlTemplate":"https:\/\/se-ret.org\/?s={search_term_string}"},"query-input":"required name=search_term_string"}],"inLanguage":"es"},{"@type":"ImageObject","@id":"https:\/\/se-ret.org\/index.php\/portfolio-item\/la-se-ret-se-conduele-por-el-fallecimiento-de-d-luis-vega-renon\/#primaryimage","inLanguage":"es","url":"https:\/\/se-ret.org\/wp-content\/uploads\/2022\/10\/Luis-Vega-Rinon.jpg","contentUrl":"https:\/\/se-ret.org\/wp-content\/uploads\/2022\/10\/Luis-Vega-Rinon.jpg","width":2048,"height":1536},{"@type":"WebPage","@id":"https:\/\/se-ret.org\/index.php\/portfolio-item\/la-se-ret-se-conduele-por-el-fallecimiento-de-d-luis-vega-renon\/#webpage","url":"https:\/\/se-ret.org\/index.php\/portfolio-item\/la-se-ret-se-conduele-por-el-fallecimiento-de-d-luis-vega-renon\/","name":"La SE-Ret se conduele por el fallecimiento de D. Luis Vega Re\u00f1\u00f3n - SE-RET. Sociedad Espa\u00f1ola de Ret\u00f3rica","isPartOf":{"@id":"https:\/\/se-ret.org\/#website"},"primaryImageOfPage":{"@id":"https:\/\/se-ret.org\/index.php\/portfolio-item\/la-se-ret-se-conduele-por-el-fallecimiento-de-d-luis-vega-renon\/#primaryimage"},"datePublished":"2022-10-17T15:11:46+00:00","dateModified":"2022-10-17T15:11:47+00:00","breadcrumb":{"@id":"https:\/\/se-ret.org\/index.php\/portfolio-item\/la-se-ret-se-conduele-por-el-fallecimiento-de-d-luis-vega-renon\/#breadcrumb"},"inLanguage":"es","potentialAction":[{"@type":"ReadAction","target":["https:\/\/se-ret.org\/index.php\/portfolio-item\/la-se-ret-se-conduele-por-el-fallecimiento-de-d-luis-vega-renon\/"]}]},{"@type":"BreadcrumbList","@id":"https:\/\/se-ret.org\/index.php\/portfolio-item\/la-se-ret-se-conduele-por-el-fallecimiento-de-d-luis-vega-renon\/#breadcrumb","itemListElement":[{"@type":"ListItem","position":1,"name":"Portada","item":"https:\/\/se-ret.org\/index.php\/noticias\/"},{"@type":"ListItem","position":2,"name":"La SE-Ret se conduele por el fallecimiento de D. Luis Vega Re\u00f1\u00f3n"}]}]}},"_links":{"self":[{"href":"https:\/\/se-ret.org\/index.php\/wp-json\/wp\/v2\/portfolio\/751"}],"collection":[{"href":"https:\/\/se-ret.org\/index.php\/wp-json\/wp\/v2\/portfolio"}],"about":[{"href":"https:\/\/se-ret.org\/index.php\/wp-json\/wp\/v2\/types\/portfolio"}],"replies":[{"embeddable":true,"href":"https:\/\/se-ret.org\/index.php\/wp-json\/wp\/v2\/comments?post=751"}],"version-history":[{"count":1,"href":"https:\/\/se-ret.org\/index.php\/wp-json\/wp\/v2\/portfolio\/751\/revisions"}],"predecessor-version":[{"id":754,"href":"https:\/\/se-ret.org\/index.php\/wp-json\/wp\/v2\/portfolio\/751\/revisions\/754"}],"wp:attachment":[{"href":"https:\/\/se-ret.org\/index.php\/wp-json\/wp\/v2\/media?parent=751"}],"wp:term":[{"taxonomy":"post_tag","embeddable":true,"href":"https:\/\/se-ret.org\/index.php\/wp-json\/wp\/v2\/tags?post=751"},{"taxonomy":"portfolio_entries","embeddable":true,"href":"https:\/\/se-ret.org\/index.php\/wp-json\/wp\/v2\/portfolio_entries?post=751"}],"curies":[{"name":"wp","href":"https:\/\/api.w.org\/{rel}","templated":true}]}}

La SE-Ret se conduele por el fallecimiento de D. Luis Vega Reñón

<!-- This site is optimized with the Yoast SEO plugin v18.6 - https://yoast.com/wordpress/plugins/seo/ -->
<title>La SE-Ret se conduele por el fallecimiento de D. Luis Vega Reñón - SE-RET. Sociedad Española de Retórica</title>
<meta name="robots" content="index, follow, max-snippet:-1, max-image-preview:large, max-video-preview:-1" />
<link rel="canonical" href="https://se-ret.org/index.php/portfolio-item/la-se-ret-se-conduele-por-el-fallecimiento-de-d-luis-vega-renon/" />
<meta property="og:locale" content="es_ES" />
<meta property="og:type" content="article" />
<meta property="og:title" content="La SE-Ret se conduele por el fallecimiento de D. Luis Vega Reñón - SE-RET. Sociedad Española de Retórica" />
<meta property="og:url" content="https://se-ret.org/index.php/portfolio-item/la-se-ret-se-conduele-por-el-fallecimiento-de-d-luis-vega-renon/" />
<meta property="og:site_name" content="SE-RET. Sociedad Española de Retórica" />
<meta property="article:modified_time" content="2022-10-17T15:11:47+00:00" />
<meta property="og:image" content="https://se-ret.org/wp-content/uploads/2022/10/Luis-Vega-Rinon-1030x773.jpg" />
<meta name="twitter:card" content="summary_large_image" />
<meta name="twitter:label1" content="Tiempo de lectura" />
	<meta name="twitter:data1" content="1 minuto" />
<script type="application/ld+json" class="yoast-schema-graph">{"@context":"https://schema.org","@graph":[{"@type":"WebSite","@id":"https://se-ret.org/#website","url":"https://se-ret.org/","name":"SE-RET. Sociedad Española de Retórica","description":"","potentialAction":[{"@type":"SearchAction","target":{"@type":"EntryPoint","urlTemplate":"https://se-ret.org/?s={search_term_string}"},"query-input":"required name=search_term_string"}],"inLanguage":"es"},{"@type":"ImageObject","@id":"https://se-ret.org/index.php/portfolio-item/la-se-ret-se-conduele-por-el-fallecimiento-de-d-luis-vega-renon/#primaryimage","inLanguage":"es","url":"https://se-ret.org/wp-content/uploads/2022/10/Luis-Vega-Rinon.jpg","contentUrl":"https://se-ret.org/wp-content/uploads/2022/10/Luis-Vega-Rinon.jpg","width":2048,"height":1536},{"@type":"WebPage","@id":"https://se-ret.org/index.php/portfolio-item/la-se-ret-se-conduele-por-el-fallecimiento-de-d-luis-vega-renon/#webpage","url":"https://se-ret.org/index.php/portfolio-item/la-se-ret-se-conduele-por-el-fallecimiento-de-d-luis-vega-renon/","name":"La SE-Ret se conduele por el fallecimiento de D. Luis Vega Reñón - SE-RET. Sociedad Española de Retórica","isPartOf":{"@id":"https://se-ret.org/#website"},"primaryImageOfPage":{"@id":"https://se-ret.org/index.php/portfolio-item/la-se-ret-se-conduele-por-el-fallecimiento-de-d-luis-vega-renon/#primaryimage"},"datePublished":"2022-10-17T15:11:46+00:00","dateModified":"2022-10-17T15:11:47+00:00","breadcrumb":{"@id":"https://se-ret.org/index.php/portfolio-item/la-se-ret-se-conduele-por-el-fallecimiento-de-d-luis-vega-renon/#breadcrumb"},"inLanguage":"es","potentialAction":[{"@type":"ReadAction","target":["https://se-ret.org/index.php/portfolio-item/la-se-ret-se-conduele-por-el-fallecimiento-de-d-luis-vega-renon/"]}]},{"@type":"BreadcrumbList","@id":"https://se-ret.org/index.php/portfolio-item/la-se-ret-se-conduele-por-el-fallecimiento-de-d-luis-vega-renon/#breadcrumb","itemListElement":[{"@type":"ListItem","position":1,"name":"Portada","item":"https://se-ret.org/index.php/noticias/"},{"@type":"ListItem","position":2,"name":"La SE-Ret se conduele por el fallecimiento de D. Luis Vega Reñón"}]}]}</script>
<!-- / Yoast SEO plugin. -->

La SE-Ret se conduele por el fallecimiento de D. Luis Vega Reñón - SE-RET. Sociedad Española de Retórica

SE-RET. Sociedad Española de Retórica
